eatest common divisor of 79761 and 68079.
33
What is the highest common divisor of 451791 and 167823?
261
Calculate the greatest common factor of 329338980 and 432.
108
Calculate the highest common factor of 90 and 9295038.
18
Calculate the greatest common divisor of 5599983 and 41807.
431
What is the greatest common factor of 294 and 274694000?
98
What is the greatest common divisor of 319917303 and 27?
27
What is the greatest common factor of 18909852 and 1462?
86
Calculate the highest common factor of 127974851 and 274.
137
Calculate the greatest common divisor of 7264 and 1010269856.
7264
What is the greatest common factor of 81 and 2232837?
9
Calculate the highest common factor of 22139090 and 45280.
2830
What is the greatest common divisor of 508657180 and 8124?
2708
Calculate the highest common divisor of 584 and 6167551.
73
What is the greatest common factor of 44254 and 129274?
218
Calculate the greatest common divisor of 3543 and 57294.
3
What is the highest common factor of 48 and 159202536?
24
What is the highest common divisor of 2103500 and 21?
7
What is the highest common divisor of 3841 and 132317440?
167
Calculate the greatest common divisor of 8644705 and 39935.
815
What is the greatest common divisor of 4 and 2941231?
1
What is the highest common divisor of 2683884 and 103596?
1068
Calculate the greatest common divisor of 704778 and 7878.
606
Calculate the highest common divisor of 468 and 27599780.
52
Calculate the greatest common factor of 39655 and 89290597.
1133
What is the highest common factor of 4361517624 and 534?
534
What is the highest common factor of 656698 and 686?
98
What is the highest common divisor of 9981 and 102049071?
3327
What is the greatest common divisor of 780630176 and 24?
8
What is the greatest common factor of 1319591 and 99008?
1547
What is the greatest common factor of 506 and 354154?
46
What is the greatest common factor of 200434 and 245726?
338
Calculate the highest common factor of 42673 and 879036.
139
What is the highest common divisor of 58316 and 29272720?
956
What is the greatest common divisor of 5606768 and 128?
16
What is the highest common factor of 898960 and 5831?
17
Calculate the highest common factor of 1885 and 2315911.
377
What is the greatest common divisor of 4427 and 506775?
233
Calculate the greatest common divisor of 1525658 and 9953.
37
Calculate the highest common factor of 302771 and 882.
49
What is the greatest common factor of 240 and 81832368?
48
Calculate the highest common factor of 16548 and 24428985.
4137
Calculate the greatest common factor of 2146 and 91649.
37
Calculate the greatest common divisor of 11 and 1220700371.
11
Calculate the highest common factor of 175605 and 20217.
69
What is the highest common divisor of 312064064 and 15106?
2158
What is the greatest common factor of 147004629 and 3804?
951
Calculate the greatest common factor of 3552876 and 18.
18
Calculate the highest common factor of 485156360 and 52.
52
What is the highest common factor of 8591 and 61344?
71
Calculate the highest common divisor of 3798 and 4449990.
1266
Calculate the greatest common divisor of 189608 and 160198.
346
What is the highest common factor of 6466004 and 190?
38
What is the highest common factor of 214458774 and 1956?
978
What is the greatest common factor of 10090 and 666358735?
5045
Calculate the greatest common factor of 1053 and 84586437.
1053
Calculate the greatest common factor of 337331918 and 374.
374
What is the greatest common factor of 11069604 and 72?
36
Calculate the highest common factor of 21204 and 1587564.
684
Calculate the greatest common factor of 1150 and 6370400.
50
Calculate the greatest common divisor of 204 and 40810659.
51
What is the highest common factor of 500 and 12325750?
250
What is the highest common divisor of 20074780 and 880?
220
Calculate the greatest common factor of 834 and 141716060.
278
Calculate the highest common divisor of 792338743 and 2177.
2177
Calculate the highest common divisor of 46487 and 380219.
203
Calculate the highest common factor of 1140 and 70457070.
30
What is the greatest common divisor of 5496666 and 54?
6
Calculate the greatest common divisor of 1132938 and 2174346.
2034
What is the greatest common factor of 1537 and 16767133?
1537
Calculate the highest common divisor of 12554070 and 210.
30
Calculate the greatest common divisor of 1110802 and 101486.
154
What is the greatest common divisor of 13756 and 1127268?
724
Calculate the greatest common divisor of 37250488 and 3762.
418
Calculate the greatest common factor of 178 and 117999493.
89
Calculate the greatest common factor of 6188204 and 30668.
748
Calculate the highest common divisor of 7581015 and 2925.
585
Calculate the highest common factor of 3919509 and 16907.
583
What is the highest common divisor of 8430 and 822050?
10
Calculate the greatest common factor of 21220458 and 294.
42
What is the greatest common factor of 78514 and 10656?
74
What is the greatest common divisor of 92444 and 1583648?
484
What is the greatest common factor of 98478 and 744?
6
Calculate the highest common divisor of 934140 and 620.
20
Calculate the greatest common factor of 17412280 and 42.
2
Calculate the highest common divisor of 167276940 and 90.
30
Calculate the greatest common factor of 390315040 and 160.
160
What is the highest common factor of 2984 and 2071642?
746
Calculate the greatest common factor of 9 and 30753900.
9
What is the greatest common divisor of 3614 and 13012337?
13
Calculate the greatest common divisor of 10295245 and 190.
95
Calculate the highest common factor of 66 and 381.
3
Calculate the greatest common factor of 869622650 and 1315.
1315
What is the highest common divisor of 3024 and 2694888?
504
What is the greatest common factor of 611 and 308971?
13
What is the highest common divisor of 3492 and 4450554?
1746
What is the greatest common factor of 126 and 5069939?
7
Calculate the greatest common factor of 1484 and 13149724.
1484
What is the greatest common divisor of 1045674 and 56?
14
What is the greatest common factor of 3066 and 33086739?
1533
What is the greatest common factor of 465 and 4104183?
93
What is the greatest common factor of 4930 and 42137580?
290
Calculate the greatest common divisor of 1504764760 and 40.
40
Calculate the highest common factor of 2627 and 692463.
71
What is the greatest common divisor of 117159 and 24157?
49
Calculate the highest common factor of 45 and 18185.
5
What is the highest common factor of 11345 and 13450632?
2269
What is the highest common factor of 15504168 and 122824?
9448
What is the greatest common divisor of 251088 and 37104?
48
Calculate the greatest common factor of 10480965 and 210.
15
What is the highest common divisor of 48375 and 137745?
45
What is the greatest common divisor of 4998473 and 10107?
1123
Calculate the greatest common divisor of 80560 and 8819200.
4240
Calculate the greatest common factor of 3519 and 14509113.
69
Calculate the greatest common factor of 32692 and 1396.
4
Calculate the greatest common divisor of 237994 and 43168.
38
Calculate the greatest common factor of 1060834 and 1328706.
1522
Calculate the highest common factor of 5739250 and 3850.
550
What is the greatest common divisor of 1324270306 and 214?
214
What is the highest common divisor of 27326805 and 231?
33
What is the greatest common divisor of 5223089 and 99665?
643
Calculate the greatest common divisor of 1420677 and 235425.
129
What is the highest common divisor of 544 and 5772248?
136
What is the highest common divisor of 79401 and 16107?
21
Calculate the highest common divisor of 826 and 20784638.
826
What is the greatest common factor of 342783 and 245763?
63
Calculate the highest common factor of 12444 and 1671.
3
What is the highest common divisor of 145 and 141271325?
145
What is the greatest common divisor of 364369 and 3?
1
Calculate the highest common factor of 25 and 321051725.
25
Calculate the highest common divisor of 2024281 and 12219.
4073
What is the highest common factor of 75 and 65638590?
15
Calculate the highest common factor of 39 and 101828883.
39
What is the greatest common divisor of 144504600 and 1200?
600
Calculate the greatest common divisor of 58043862 and 963.
963
Calc